7*u + 533. What is t(8)?
173
Let j(i) = i**3 + 20*i**2 - 42*i - 12. Determine j(-22).
-56
Let g(x) = -x**2 + 23*x + 59. Determine g(16).
171
Let f(x) = -39*x**2 - 36*x - 37. Calculate f(-1).
-40
Let l(j) = 61*j - 1795. What is l(33)?
218
Let s(h) = -26*h + 267. Determine s(7).
85
Let s(g) = g**3 - 41*g**2 - 42*g - 98. What is s(42)?
-98
Let y(u) = -2*u**3 - 32*u**2 - 89*u + 32. Determine y(-4).
4
Let i(k) = -2*k**2 - 75*k - 410. Give i(-6).
-32
Let z(c) = 389*c - 5056. Give z(13).
1
Let v(i) = -6*i - 251. Determine v(-35).
-41
Let c(w) = -w**3 - 15*w**2 + 34*w + 25. Calculate c(-17).
25
Let r(m) = -m**3 - 6*m**2 + 38*m + 210. Determine r(-7).
-7
Let n(q) = 14*q - 524. What is n(37)?
-6
Let f(i) = -2*i**2 + 256*i - 2572. Determine f(11).
2
Let r(u) = -12*u**2 - 687*u - 165. Calculate r(-57).
6
Let v(y) = 3*y**2 + 123*y + 549. Determine v(-36).
9
Let z(t) = 1473*t - 8843. Give z(6).
-5
Let y(v) = v**3 - 70*v**2 - 11*v + 772. Give y(70).
2
Let k(m) = 164*m + 1150. What is k(-7)?
2
Let f(j) = j**3 + 31*j**2 + 229*j - 128. What is f(-18)?
-38
Let l(j) = j**3 + 9*j**2 - 17*j - 214. Give l(-8).
-14
Let t(j) = -45*j + 315. Determine t(7).
0
Let h(c) = -c**3 + 18*c**2 + 2*c - 16. Calculate h(19).
-339
Let q(c) = -102*c - 904. Calculate q(-9).
14
Let q(i) = -2*i + 91. Give q(9).
73
Let t(p) = -p**3 - 14*p**2 + 142*p + 27. Calculate t(7).
-8
Let r(n) = -636*n - 33716. Calculate r(-53).
-8
Let n(s) = 39*s - 465. Calculate n(12).
3
Let v(j) = -68*j - 1692. Determine v(-21).
-264
Let b(k) = -k**3 - 18*k**2 - 43*k + 9. Give b(-15).
-21
Let r(f) = -f**3 - 34*f**2 + 3*f + 30. Give r(-34).
-72
Let o(y) = -y**3 + 46*y**2 + 151*y - 301. What is o(49)?
-105
Let a(q) = 421*q - 1694. What is a(4)?
-10
Let w(j) = 31*j**2 + 379*j - 380. Determine w(1).
30
Let q(w) = 11*w + 343. Determine q(20).
563
Let r(j) = j**2 - 36*j + 400. Give r(13).
101
Let y(j) = -3*j**3 - 95*j**2 - 58*j + 101. What is y(-31)?
-23
Let r(v) = -v**3 - 13*v + 29. Give r(2).
-5
Let x(l) = 280*l + 1280. Determine x(-5).
-120
Let d(t) = 2649*t - 105940. Determine d(40).
20
Let v(y) = -4*y**3 + 8*y**2 + y + 1. Calculate v(4).
-123
Let p(l) = -343*l + 1024. Give p(3).
-5
Let t(j) = -j**2 + 681*j - 4649. Calculate t(7).
69
Let d(a) = 7*a**2 - 2804*a - 5636. Determine d(-2).
0
Let h(j) = 1969*j + 17727. Determine h(-9).
6
Let m(c) = 3*c**3 + 45*c**2 - 41*c + 105. Give m(-16).
-7
Let d(a) = -16*a**2 - 97*a + 14. Give d(-3).
161
Let l(q) = -q**2 - 11*q + 33. Calculate l(10).
-177
Let z(w) = 10*w + 185. Calculate z(-20).
-15
Let h(y) = 2*y**3 - 19*y**2 + 22*y - 11. Calculate h(8).
-27
Let d(l) = 19*l - 231. Give d(19).
130
Let d(n) = 14*n + 361. Calculate d(-26).
-3
Let b(d) = 4*d**3 - 2*d**2 - 57*d + 57. Determine b(1).
2
Let s(m) = -2*m**2 - 27*m + 462. Give s(10).
-8
Let a(d) = -d**3 + 70*d**2 - 130*d - 426. What is a(68)?
-18
Let z(o) = 187*o + 4109. Determine z(-22).
-5
Let k(l) = -12*l - 205. Determine k(-24).
83
Let c(h) = -h**3 + 49*h**2 - 48*h - 94. Calculate c(48).
-94
Let m(f) = -f**3 - 7*f**2 + 13*f - 38. Calculate m(-10).
132
Let z(j) = -728*j - 7976. Give z(-11).
32
Let z(h) = h**3 + 12*h**2 + 28*h - 4. Give z(-7).
45
Let u(s) = 3*s**3 - 44*s**2 + 69*s - 16. Determine u(13).
36
Let s(v) = -2*v**2 + 3049*v - 33281. Give s(11).
16
Let v(u) = 30*u - 1770. Determine v(59).
0
Let j(a) = 28*a**3 + 26*a**2 + 18*a + 18. Give j(-1).
-2
Let q(w) = 8*w**2 - 120*w - 29. Determine q(18).
403
Let t(z) = 222*z - 3640. What is t(17)?
134
Let x(l) = 2*l**3 + 12*l**2 - 13*l - 39. Calculate x(-7).
-46
Let p(c) = -c**3 - 3*c**2 - 1678*c - 8445. Calculate p(-5).
-5
Let y(q) = -q**2 - 7*q + 62. What is y(6)?
-16
Let r(v) = v**3 + 49*v**2 + 10*v + 439. What is r(-49)?
-51
Let r(u) = -u**3 + 22*u**2 - 82*u - 22. Calculate r(17).
29
Let m(o) = -23*o**2 - 1057*o + 44. What is m(-46)?
-2
Let x(c) = 8*c**2 + 54*c - 209. What is x(4)?
135
Let s(y) = -y**3 + 41*y**2 + 281*y + 36. What is s(47)?
-11
Let q(a) = 5*a**2 + 51*a - 17. Determine q(-13).
165
Let j(v) = -21*v**2 - 80*v + 11. Give j(-4).
-5
Let r(p) = p**2 - 65*p - 481. What is r(-7)?
23
Let c(h) = -67*h - 61. Calculate c(-5).
274
Let b(c) = 4*c**2 - 2*c - 128. Determine b(0).
-128
Let a(j) = 27*j - 158. Calculate a(-5).
-293
Let f(l) = -12*l**2 - 13*l + 3. Determine f(4).
-241
Let h(a) = -2*a**3 + 10*a**2 + 13*a - 28. Give h(5).
37
Let r(c) = -3*c**2 - 58*c - 17. Determine r(-17).
102
Let r(l) = -5*l**3 + 29*l**2 + 4*l + 24. Calculate r(6).
12
Let m(h) = -4*h**3 - 3*h**2 - 7*h + 1. Determine m(-3).
103
Let w(o) = -2*o**2 - 73*o + 109. Give w(-40).
-171
Let w(n) = n**2 + 29*n - 1987. What is w(-61)?
-35
Let k(f) = 2*f**3 + 2*f**2 + 25*f + 111. Determine k(-3).
0
Let x(g) = -g**2 - 22*g - 13. Determine x(-21).
8
Let d(g) = -7*g + 71. Calculate d(5).
36
Let u(k) = -2*k**2 - 101*k - 1025. Give u(-14).
-3
Let r(o) = 3632*o - 7266. Determine r(2).
-2
Let a(n) = n**3 + 14*n**2 - 4*n - 150. Give a(-6).
162
Let m(o) = -o**3 - 9*o**2 - 34*o - 47. What is m(-3)?
1
Let v(i) = -223*i - 46833. Calculate v(-210).
-3
Let z(j) = j**3 - 4*j**2 - 17*j - 5. Give z(8).
115
Let r(f) = 1267*f - 25335. Give r(20).
5
Let c(n) = -39*n + 251. What is c(16)?
-373
Let o(h) = 11*h + 95. What is o(-5)?
40
Let y(x) = -x**3 + 8*x**2 + 44*x - 46. What is y(10)?
194
Let t(m) = -m**3 + 18*m**2 - 59*m - 136. Calculate t(13).
-58
Let j(c) = 2*c**3 + 6*c**2 - 49*c - 240. What is j(-9)?
-771
Let q(m) = 21*m + 79. What is q(0)?
79
Let t(f) = -33*f + 441. Determine t(6).
243
Let h(x) = -x**3 + 13*x**2 - 29*x - 24. Calculate h(6).
54
Let a(l) = l**2 - 49*l - 53. What is a(50)?
-3
Let l(v) = 3*v**3 + 16*v**2 - 8*v - 18. Calculate l(-6).
-42
Let p(x) = 1273*x + 45879. What is p(-36)?
51
Let s(a) = -7*a**2 - 143*a - 38. Give s(-20).
22
Let p(v) = 17*v - 46. Give p(6).
56
Let v(r) = r**3 - 3*r**2 - 17*r + 67. What is v(4)?
15
Let s(f) = -2*f**2 + 40*f - 98. Give s(3).
4
Let v(x) = -15*x - 42. What is v(-10)?
108
Let u(y) = -3*y + 21. Give u(33).
-78
Let b(i) = -i**3 + 14*i**2 + 26*i + 57. Calculate b(15).
222
Let z(j) = -8*j**3 - 58*j**2 - 7*j - 16. Determine z(-7).
-65
Let b(l) = -3*l**3 + l**2 - 9*l - 30. Calculate b(0).
-30
Let x(k) = -717*k + 55. Determine x(0).
55
Let r(s) = -4*s**2 - 726*s - 2484. Give r(-178).
8
Let p(g) = 12*g - 28. Determine p(4).
20
Let j(o) = -225*o - 1. Give j(1).
-226
Let s(t) = 2*t**3 - 17*t**2 - 10*t - 14. What is s(9)?
-23
Let w(s) = -419*s - 21786. Calculate w(-52).
2
Let s(r) = 3*r**2 - 29*r - 354. Determine s(-7).
-4
Let p(n) = 25*n - 466. What is p(17)?
-41
Let i(j) = -j**3 - 46*j**2 + 71*j - 18. Determine i(-48).
1182
Let l(z) = -2*z**2 + 26*z - 81. Determine l(7).
3
Let j(i) = -2*i**2 - 53*i. Give j(-23).
161
Let i(x) = x**3 - 14*x**2 + 4*x - 32. Give i(14).
24
Let w(t) = -t**2 - 1403*t - 89518. Give w(-67).
-6
Let o(u) = -2*u**3 + 4*u**2 - 224*u - 4. Calculate o(0).
-4
Let z(d) = 3*d**3 - 37*d**2 + 103*d + 2. Give z(8).
-6
Let m(n) = 29*n + 104. What is m(0)?
104
Let w(j) = -63*j + 3026. Give w(48).
2
Let z(d) = -9*d**2 - 427*d - 5042. Calculate z(-25).
8
Let v(g) = 421*g - 1327. What is v(3)?
-64
Let q(m) = -m - 35. Determine q(-25).
-10
Let n(z) = z**3 - 7*z**2 + 11*z - 6. Determine n(4).
-10
Let a(b) = b**2 - 47*b - 1. Give a(42).
-211
Let w(g) = 581*g - 1828. What is w(3)?
-85
Let b(w) = -6675*w + 33370. What is b(5)?
-5
Let i(k) = 2*k**3 - 13*k**2 + 22*k - 61. Give i(6).
35
Let j(u) = -u**2 + 368*u - 18478. Give j(60).
2
Let u(a) = -65*a**3 + 8*a**2 + 9*a + 2. Give u(-1).
66
Let h(j) = -68*j**2 - 475*j - 29. Calculate h(-7).
-36
Let n(k) = 2*k**2 - 1075*k + 1075. Determine n(1).
2
Let k(b) = -b**2 - 96*b - 2302. Give k(-46).
-2
Let n(r) = -35316*r - 211887. Determine n(-6).
9
Let i(g) = -48*g**2 + 21*g - 2. What is i(2)?
-152
Let t(o) = -o**3 + 68*o**2 + 213*o + 172. Calculate t(71).
172
Let l(h) = -h**3 - 39*h**2 - 79*h - 1743. Calculate l(-38).
-185
Let z(b) = b**3 - 25*b**2 + 56*b - 803. Give z(24).
-35
Let j(h) = 72*h - 128. Give j(2).
16
Let o(s) = 3*s**3 - 2*s**2 - 16*s + 50. Determine o(3).
65
Let i(c) = 2623*c + 7820. Give i(-3).
-49
Let l(k) = 7*k**2 + 50*k + 104. What is l(-2)?
32
Let d(t) = -t**3 + 41*t**2 - 89*t + 157. Determine d(39).
-272
Let o(v) = -66*v - 788. Calculate o(-12).
4
Let b(m) = -178*m + 3142. Determine b(19).
-240
Let l(g) = 38*g + 